{"id":23,"date":"2013-11-17T13:44:38","date_gmt":"2013-11-17T11:44:38","guid":{"rendered":"http:\/\/www.autor-bellartz.de\/?page_id=23"},"modified":"2023-02-27T18:55:40","modified_gmt":"2023-02-27T17:55:40","slug":"presseartikel","status":"publish","type":"page","link":"https:\/\/www.autor-bellartz.de\/?page_id=23","title":{"rendered":"Presseartikel"},"content":{"rendered":"<p><strong>Interview mit Bianca Pohlig<\/strong> (mordsbuch.net)<\/p>\n<p>Link zum Interview (Online): <a href=\"https:\/\/www.mordsbuch.net\/2017\/06\/07\/interview-mit-rolf-bellartz\/\" target=\"_blank\" rel=\"noopener\">https:\/\/www.mordsbuch.net<br \/><\/a>Link zum Interview (Offline):<a href=\"http:\/\/www.autor-bellartz.de\/wp-content\/uploads\/2017\/07\/Interview-mit-Bianca-Pohlig.pdf\" rel=\"\">Interview mit Bianca Pohlig<\/a><\/p>\n<p>\u00a0<\/p>\n<p>\u00a0<\/p>\n<p><strong>Artikel \u00fcber das Buch &#8222;Heidenangst&#8220;<br \/><\/strong>Rundblick R\u00f6srath Mai 2017<br \/><a href=\"http:\/\/www.autor-bellartz.de\/wp-content\/uploads\/2013\/11\/IMG_20170710_0006.jpg\" rel=\"attachment wp-att-337\"><img loading=\"lazy\" decoding=\"async\" class=\"alignnone size-medium wp-image-337\" src=\"http:\/\/www.autor-bellartz.de\/wp-content\/uploads\/2013\/11\/IMG_20170710_0006-300x240.jpg\" alt=\"IMG_20170710_0006\" width=\"300\" height=\"240\" srcset=\"https:\/\/www.autor-bellartz.de\/wp-content\/uploads\/2013\/11\/IMG_20170710_0006-300x240.jpg 300w, https:\/\/www.autor-bellartz.de\/wp-content\/uploads\/2013\/11\/IMG_20170710_0006-768x615.jpg 768w, https:\/\/www.autor-bellartz.de\/wp-content\/uploads\/2013\/11\/IMG_20170710_0006-1024x820.jpg 1024w, https:\/\/www.autor-bellartz.de\/wp-content\/uploads\/2013\/11\/IMG_20170710_0006-375x300.jpg 375w\" sizes=\"auto, (max-width: 300px) 100vw, 300px\" \/><\/a><\/p>\n<p>Bergisches Handelsblatt Mai 2017<br \/><a href=\"http:\/\/www.autor-bellartz.de\/wp-content\/uploads\/2013\/11\/IMG_20170710_0007.jpg\" rel=\"attachment wp-att-338\"><img loading=\"lazy\" decoding=\"async\" class=\"alignnone size-medium wp-image-338\" src=\"http:\/\/www.autor-bellartz.de\/wp-content\/uploads\/2013\/11\/IMG_20170710_0007-133x300.jpg\" alt=\"IMG_20170710_0007\" width=\"133\" height=\"300\" srcset=\"https:\/\/www.autor-bellartz.de\/wp-content\/uploads\/2013\/11\/IMG_20170710_0007-133x300.jpg 133w, https:\/\/www.autor-bellartz.de\/wp-content\/uploads\/2013\/11\/IMG_20170710_0007-768x1739.jpg 768w, https:\/\/www.autor-bellartz.de\/wp-content\/uploads\/2013\/11\/IMG_20170710_0007-452x1024.jpg 452w\" sizes=\"auto, (max-width: 133px) 100vw, 133px\" \/><\/a><\/p>\n<p>Rundblick R\u00f6srath M\u00e4rz 2017<a href=\"http:\/\/www.autor-bellartz.de\/wp-content\/uploads\/2013\/11\/IMG_20170710_0010.jpg\" rel=\"attachment wp-att-340\"><br \/><img loading=\"lazy\" decoding=\"async\" class=\"alignnone size-medium wp-image-340\" src=\"http:\/\/www.autor-bellartz.de\/wp-content\/uploads\/2013\/11\/IMG_20170710_0010-300x209.jpg\" alt=\"IMG_20170710_0010\" width=\"300\" height=\"209\" srcset=\"https:\/\/www.autor-bellartz.de\/wp-content\/uploads\/2013\/11\/IMG_20170710_0010-300x209.jpg 300w, https:\/\/www.autor-bellartz.de\/wp-content\/uploads\/2013\/11\/IMG_20170710_0010-768x535.jpg 768w, https:\/\/www.autor-bellartz.de\/wp-content\/uploads\/2013\/11\/IMG_20170710_0010-1024x713.jpg 1024w, https:\/\/www.autor-bellartz.de\/wp-content\/uploads\/2013\/11\/IMG_20170710_0010-431x300.jpg 431w\" sizes=\"auto, (max-width: 300px) 100vw, 300px\" \/><\/a><\/p>\n<p>Rundblick R\u00f6srath Feb. 2017<br \/><a href=\"http:\/\/www.autor-bellartz.de\/wp-content\/uploads\/2013\/11\/IMG_20170710_0005.jpg\" rel=\"attachment wp-att-335\"><img loading=\"lazy\" decoding=\"async\" class=\"alignnone size-medium wp-image-335\" src=\"http:\/\/www.autor-bellartz.de\/wp-content\/uploads\/2013\/11\/IMG_20170710_0005-300x145.jpg\" alt=\"IMG_20170710_0005\" width=\"300\" height=\"145\" srcset=\"https:\/\/www.autor-bellartz.de\/wp-content\/uploads\/2013\/11\/IMG_20170710_0005-300x145.jpg 300w, https:\/\/www.autor-bellartz.de\/wp-content\/uploads\/2013\/11\/IMG_20170710_0005-768x371.jpg 768w, https:\/\/www.autor-bellartz.de\/wp-content\/uploads\/2013\/11\/IMG_20170710_0005-1024x494.jpg 1024w, https:\/\/www.autor-bellartz.de\/wp-content\/uploads\/2013\/11\/IMG_20170710_0005-500x241.jpg 500w\" sizes=\"auto, (max-width: 300px) 100vw, 300px\" \/><\/a><\/p>\n<p>Bergisches Handelsblatt Dez.2016<strong><br \/><\/strong><a href=\"http:\/\/www.autor-bellartz.de\/wp-content\/uploads\/2017\/01\/Heidenangst.jpg\" rel=\"attachment wp-att-318\"><img loading=\"lazy\" decoding=\"async\" class=\"alignnone size-medium wp-image-318\" src=\"http:\/\/www.autor-bellartz.de\/wp-content\/uploads\/2017\/01\/Heidenangst-183x300.jpg\" alt=\"Heidenangst\" width=\"183\" height=\"300\" srcset=\"https:\/\/www.autor-bellartz.de\/wp-content\/uploads\/2017\/01\/Heidenangst-183x300.jpg 183w, https:\/\/www.autor-bellartz.de\/wp-content\/uploads\/2017\/01\/Heidenangst-768x1258.jpg 768w, https:\/\/www.autor-bellartz.de\/wp-content\/uploads\/2017\/01\/Heidenangst-625x1024.jpg 625w, https:\/\/www.autor-bellartz.de\/wp-content\/uploads\/2017\/01\/Heidenangst.jpg 1122w\" sizes=\"auto, (max-width: 183px) 100vw, 183px\" \/><\/a><\/p>\n<p>\u00a0<\/p>\n<p><strong>Artikel \u00fcber die Kunstausstellung im Maternus Seniorenzentrum<\/strong><\/p>\n<p>K\u00f6lner Bilderbogen M\u00e4rz 2017<a href=\"http:\/\/www.autor-bellartz.de\/wp-content\/uploads\/2013\/11\/IMG_20170710_0011.jpg\" rel=\"attachment wp-att-341\"><br \/><img loading=\"lazy\" decoding=\"async\" class=\"alignnone size-medium wp-image-341\" src=\"http:\/\/www.autor-bellartz.de\/wp-content\/uploads\/2013\/11\/IMG_20170710_0011-300x279.jpg\" alt=\"IMG_20170710_0011\" width=\"300\" height=\"279\" srcset=\"https:\/\/www.autor-bellartz.de\/wp-content\/uploads\/2013\/11\/IMG_20170710_0011-300x279.jpg 300w, https:\/\/www.autor-bellartz.de\/wp-content\/uploads\/2013\/11\/IMG_20170710_0011-768x715.jpg 768w, https:\/\/www.autor-bellartz.de\/wp-content\/uploads\/2013\/11\/IMG_20170710_0011-1024x953.jpg 1024w, https:\/\/www.autor-bellartz.de\/wp-content\/uploads\/2013\/11\/IMG_20170710_0011-322x300.jpg 322w, https:\/\/www.autor-bellartz.de\/wp-content\/uploads\/2013\/11\/IMG_20170710_0011.jpg 1677w\" sizes=\"auto, (max-width: 300px) 100vw, 300px\" \/><\/a><\/p>\n<p>Ausstellung K\u00f6lner Wochenspiegel Feb 2017<a href=\"http:\/\/www.autor-bellartz.de\/wp-content\/uploads\/2013\/11\/IMG_20170710_0008-1.jpg\" rel=\"attachment wp-att-343\"><br \/><img loading=\"lazy\" decoding=\"async\" class=\"alignnone size-medium wp-image-343\" src=\"http:\/\/www.autor-bellartz.de\/wp-content\/uploads\/2013\/11\/IMG_20170710_0008-1-127x300.jpg\" alt=\"IMG_20170710_0008\" width=\"127\" height=\"300\" srcset=\"https:\/\/www.autor-bellartz.de\/wp-content\/uploads\/2013\/11\/IMG_20170710_0008-1-127x300.jpg 127w, https:\/\/www.autor-bellartz.de\/wp-content\/uploads\/2013\/11\/IMG_20170710_0008-1-768x1810.jpg 768w, https:\/\/www.autor-bellartz.de\/wp-content\/uploads\/2013\/11\/IMG_20170710_0008-1-434x1024.jpg 434w\" sizes=\"auto, (max-width: 127px) 100vw, 127px\" \/><\/a><\/p>\n<p><strong>Artikel im Bergischem Handelblatt zur Ausstellung bei Immobilien Hamacher<\/strong><br \/><a href=\"http:\/\/www.autor-bellartz.de\/wp-content\/uploads\/2013\/11\/Scan_20160128-2.jpg\" rel=\"attachment wp-att-219\"><img loading=\"lazy\" decoding=\"async\" class=\"alignnone size-medium wp-image-219\" src=\"http:\/\/www.autor-bellartz.de\/wp-content\/uploads\/2013\/11\/Scan_20160128-2-289x300.jpg\" alt=\"Scan_20160128 (2)\" width=\"289\" height=\"300\" srcset=\"https:\/\/www.autor-bellartz.de\/wp-content\/uploads\/2013\/11\/Scan_20160128-2-289x300.jpg 289w, https:\/\/www.autor-bellartz.de\/wp-content\/uploads\/2013\/11\/Scan_20160128-2.jpg 558w\" sizes=\"auto, (max-width: 289px) 100vw, 289px\" \/><\/a><\/p>\n<p><strong><a href=\"http:\/\/www.rundschau-online.de\/rhein-berg\/-buecher-der-strasse-,16064474,15430150.html\" target=\"_blank\" rel=\"noopener\"><br \/><\/a>Links zum Artikel \u00fcber den Autor<\/strong><a title=\"Finisage in Refrath\" href=\"http:\/\/autor-bellartz.de\/Bilder\/Presse\/Berg.%20Handelsblatt%2021_01_2015.jpg\" target=\"_blank\" rel=\"noopener\"><br \/>Finisage in Refrath<br \/><\/a> <a href=\"http:\/\/autor-bellartz.de\/Bilder\/Presse\/2010-BLZ-Artikel1.jpg\" target=\"_blank\" rel=\"noopener\">B\u00fccher der Stra\u00dfe<br \/><\/a><a href=\"http:\/\/autor-bellartz.de\/Bilder\/Presse\/2010-BLZ-Artikel1.jpg\"><img loading=\"lazy\" decoding=\"async\" src=\"http:\/\/autor-bellartz.de\/Bilder\/Presse\/2010-BLZ-Artikel1.jpg\" alt=\"\" width=\"397\" height=\"379\" \/><\/a><\/p>\n<p>\u00a0<\/p>\n<p><strong>Link zum Artikel \u00fcber das Buch &#8222;Was bleibt ist Blut im Schnee&#8220;<\/strong><br \/><a href=\"http:\/\/autor-bellartz.de\/Bilder\/Presse\/Eine%20Fahrt%20in%20den%20Alptraum.jpg\" target=\"_blank\" rel=\"noopener\">Eine Fahrt in den Alptraum<\/a><\/p>\n<p><strong>Links zum Artikel \u00fcber das Buch &#8222;Sechs, Sieben, Acht&#8220;<\/strong><br \/><a title=\"Talksofa\" href=\"http:\/\/autor-bellartz.de\/Bilder\/Presse\/Talksofa.pdf\" target=\"_blank\" rel=\"noopener\">Talksofa mit Chris Howland<\/a><br \/><a href=\"http:\/\/autor-bellartz.de\/Bilder\/Presse\/2010-678_BLZ_Farbe2.jpg\">Sechs Rheinl\u00e4nder machen USA Unsicher<\/a><\/p>\n<p><strong>Links zu Artikeln \u00fcber das Buch: &#8222;Die Stra\u00dfe kannte die Antwort&#8220;<br \/><\/strong><a title=\"Sex, Crime, Abenteuer\" href=\"http:\/\/autor-bellartz.de\/Bilder\/Presse\/Sex_Crime_Abenteuer.jpg\" target=\"_blank\" rel=\"noopener\">Sex, Crime, Abenteuer<\/a><strong><br \/><\/strong><a title=\"Lekt\u00fcre f\u00fcr lange Winterabende\" href=\"http:\/\/http:\/\/autor-bellartz.de\/Bilder\/Presse\/2001-10-19_Stadtanzeiger.pdf\" target=\"_blank\" rel=\"noopener\">Lekt\u00fcre f\u00fcr lange Winterabende<\/a><br \/><a href=\"http:\/\/autor-bellartz.de\/Bilder\/Presse\/2012-04-Handelsblatt_klein.jpg\">Harold on the Road again<br \/><\/a> <a href=\"http:\/\/autor-bellartz.de\/Bilder\/Presse\/2012-04-BLZ_klein.jpg\">D<\/a><a href=\"http:\/\/autor-bellartz.de\/Bilder\/Presse\/2012-04-BLZ_klein.jpg\">en Erstling gek\u00fcrzt und beschleunigt<\/a><a href=\"http:\/\/autor-bellartz.de\/Bilder\/Presse\/2012-04-BLZ_klein.jpg\"><img loading=\"lazy\" decoding=\"async\" src=\"http:\/\/autor-bellartz.de\/Bilder\/Presse\/2012-04-BLZ_klein.jpg\" alt=\"\" width=\"394\" height=\"243\" \/><\/a><\/p>\n<p><strong>Links zu Artikeln \u00fcber das Buch: &#8222;Lost in France&#8220;<br \/><\/strong><a title=\"Lost in France\" href=\"http:\/\/autor-bellartz.de\/Bilder\/Presse\/Rolf30001.pdf\" target=\"_blank\" rel=\"noopener\">Bergisches Handelsblatt 11 Dez,2013<strong><br \/><\/strong><\/a><a href=\"http:\/\/autor-bellartz.de\/Bilder\/Presse\/Sumpf%20voller%20Liebe%20und%20Hass.jpg\">Bergische Landeszeitung 08 Feb. 2014<\/a><\/p>\n<p>\u00a0<\/p>\n<p><strong>Links zu Artikel \u00fcber das Buch: &#8222;Ein B\u00fcstenhalter, ein Hut und &#8230; ein Gru\u00df vom F\u00fchrer<br \/><br \/><\/strong><a href=\"https:\/\/www.ksta.de\/region\/rhein-berg\/eine-zeiteugin-aus-refrath-erinnert-sich-233927\">K\u00f6lner Stadtanzeiger 09 April 2020<\/a><br \/><br \/><br \/><br \/><br \/><\/p>\n\n\n<p><\/p>\n","protected":false},"excerpt":{"rendered":"<p>Interview mit Bianca Pohlig (mordsbuch.net) Link zum Interview (Online): https:\/\/www.mordsbuch.netLink zum Interview (Offline):Interview mit Bianca Pohlig \u00a0 \u00a0 Artikel \u00fcber das Buch &#8222;Heidenangst&#8220;Rundblick R\u00f6srath Mai 2017 Bergisches Handelsblatt Mai 2017 Rundblick R\u00f6srath M\u00e4rz 2017 Rundblick R\u00f6srath Feb. 2017 Bergisches Handelsblatt &hellip; <a href=\"https:\/\/www.autor-bellartz.de\/?page_id=23\">Weiterlesen <span class=\"meta-nav\">&rarr;<\/span><\/a><\/p>\n","protected":false},"author":1,"featured_media":0,"parent":0,"menu_order":25,"comment_status":"open","ping_status":"open","template":"","meta":{"footnotes":""},"class_list":["post-23","page","type-page","status-publish","hentry"],"_links":{"self":[{"href":"https:\/\/www.autor-bellartz.de\/index.php?rest_route=\/wp\/v2\/pages\/23","targetHints":{"allow":["GET"]}}],"collection":[{"href":"https:\/\/www.autor-bellartz.de\/index.php?rest_route=\/wp\/v2\/pages"}],"about":[{"href":"https:\/\/www.autor-bellartz.de\/index.php?rest_route=\/wp\/v2\/types\/page"}],"author":[{"embeddable":true,"href":"https:\/\/www.autor-bellartz.de\/index.php?rest_route=\/wp\/v2\/users\/1"}],"replies":[{"embeddable":true,"href":"https:\/\/www.autor-bellartz.de\/index.php?rest_route=%2Fwp%2Fv2%2Fcomments&post=23"}],"version-history":[{"count":35,"href":"https:\/\/www.autor-bellartz.de\/index.php?rest_route=\/wp\/v2\/pages\/23\/revisions"}],"predecessor-version":[{"id":388,"href":"https:\/\/www.autor-bellartz.de\/index.php?rest_route=\/wp\/v2\/pages\/23\/revisions\/388"}],"wp:attachment":[{"href":"https:\/\/www.autor-bellartz.de\/index.php?rest_route=%2Fwp%2Fv2%2Fmedia&parent=23"}],"curies":[{"name":"wp","href":"https:\/\/api.w.org\/{rel}","templated":true}]}}