{"id":7,"date":"2013-11-17T12:25:40","date_gmt":"2013-11-17T10:25:40","guid":{"rendered":"http:\/\/www.autor-bellartz.de\/?page_id=7"},"modified":"2023-02-27T18:40:36","modified_gmt":"2023-02-27T17:40:36","slug":"buchtitel","status":"publish","type":"page","link":"https:\/\/www.autor-bellartz.de\/?page_id=7","title":{"rendered":"Buchtitel"},"content":{"rendered":"<p>Rolf Bellartz hat bisher folgende B\u00fccher ver\u00f6ffentlicht:<\/p>\n<p><strong>Die Stra\u00dfe kannte die Antwort<\/strong><br \/>\n1. Auflage E. Bellartz-Verlag 1999<br \/>\n2. Auflage Quadratkreis A.V. 2012<\/p>\n<p><strong>Was bleibt ist Blut im Schnee<\/strong><br \/>\n1. Auflage E. Bellartz-Verlag 2005<\/p>\n<p><strong>Sechs, Sieben, Acht<\/strong><br \/>\nQuadratkreis-Autorenverlag 2010<\/p>\n<p><strong>Lost in France<br \/>\n<\/strong>1. Auflage Quadratkreis A.V. 2013<\/p>\n<p><strong>Das Dreizinnen &#8211; Trio<\/strong><br \/>\n1. Auflage 2022<\/p>\n<p><strong>Mit dem Wind<\/strong><br \/>\n1. Auflage 2023<\/p>\n<p><strong>Ein B\u00fcstenhalter, ein Hut und &#8230; ein Gru\u00df vom F\u00fchrer<br \/>\n<\/strong>1. Auflage 2020<\/p>\n","protected":false},"excerpt":{"rendered":"<p>Rolf Bellartz hat bisher folgende B\u00fccher ver\u00f6ffentlicht: Die Stra\u00dfe kannte die Antwort 1. Auflage E. Bellartz-Verlag 1999 2. Auflage Quadratkreis A.V. 2012 Was bleibt ist Blut im Schnee 1. Auflage E. Bellartz-Verlag 2005 Sechs, Sieben, Acht Quadratkreis-Autorenverlag 2010 Lost in &hellip; <a href=\"https:\/\/www.autor-bellartz.de\/?page_id=7\">Weiterlesen <span class=\"meta-nav\">&rarr;<\/span><\/a><\/p>\n","protected":false},"author":1,"featured_media":0,"parent":0,"menu_order":10,"comment_status":"open","ping_status":"open","template":"","meta":{"footnotes":""},"class_list":["post-7","page","type-page","status-publish","hentry"],"_links":{"self":[{"href":"https:\/\/www.autor-bellartz.de\/index.php?rest_route=\/wp\/v2\/pages\/7","targetHints":{"allow":["GET"]}}],"collection":[{"href":"https:\/\/www.autor-bellartz.de\/index.php?rest_route=\/wp\/v2\/pages"}],"about":[{"href":"https:\/\/www.autor-bellartz.de\/index.php?rest_route=\/wp\/v2\/types\/page"}],"author":[{"embeddable":true,"href":"https:\/\/www.autor-bellartz.de\/index.php?rest_route=\/wp\/v2\/users\/1"}],"replies":[{"embeddable":true,"href":"https:\/\/www.autor-bellartz.de\/index.php?rest_route=%2Fwp%2Fv2%2Fcomments&post=7"}],"version-history":[{"count":8,"href":"https:\/\/www.autor-bellartz.de\/index.php?rest_route=\/wp\/v2\/pages\/7\/revisions"}],"predecessor-version":[{"id":379,"href":"https:\/\/www.autor-bellartz.de\/index.php?rest_route=\/wp\/v2\/pages\/7\/revisions\/379"}],"wp:attachment":[{"href":"https:\/\/www.autor-bellartz.de\/index.php?rest_route=%2Fwp%2Fv2%2Fmedia&parent=7"}],"curies":[{"name":"wp","href":"https:\/\/api.w.org\/{rel}","templated":true}]}}